 of 490 and 805?
35
What is the greatest common divisor of 105013 and 19?
19
Calculate the greatest common factor of 16 and 88904.
8
Calculate the greatest common factor of 5000 and 800.
200
Calculate the greatest common factor of 11 and 90332.
11
Calculate the highest common factor of 416 and 214084.
52
What is the highest common factor of 312 and 65988?
156
What is the greatest common divisor of 140 and 91616?
28
Calculate the greatest common factor of 391 and 33184.
17
What is the greatest common divisor of 32112 and 11688?
24
What is the greatest common divisor of 135 and 13581?
27
What is the greatest common divisor of 736 and 1459672?
184
Calculate the highest common divisor of 1665 and 15.
15
What is the greatest common factor of 214 and 2392?
2
Calculate the greatest common divisor of 1421712 and 18.
18
What is the greatest common divisor of 92 and 3197?
23
Calculate the greatest common factor of 110 and 36014.
22
What is the greatest common divisor of 2305352 and 392?
392
Calculate the highest common divisor of 10455 and 13600.
85
Calculate the greatest common divisor of 31850 and 364.
182
What is the greatest common factor of 5024 and 342888?
1256
What is the greatest common factor of 36141 and 2688?
21
Calculate the highest common factor of 2553 and 3243.
69
What is the greatest common divisor of 232167 and 312?
39
What is the greatest common divisor of 5232393 and 3?
3
Calculate the greatest common divisor of 79432 and 32.
8
Calculate the greatest common factor of 2124 and 76.
4
What is the greatest common divisor of 736 and 623024?
368
What is the highest common factor of 6854 and 506?
46
Calculate the greatest common divisor of 20 and 42190.
10
What is the greatest common divisor of 1197757 and 77?
11
What is the highest common factor of 2616 and 192?
24
Calculate the greatest common divisor of 36 and 10134.
18
What is the highest common factor of 681744 and 294?
42
Calculate the highest common factor of 6844 and 319.
29
What is the highest common factor of 2740 and 7480?
20
What is the highest common divisor of 17983 and 26057?
367
Calculate the greatest common factor of 8832 and 16896.
384
Calculate the greatest common factor of 1696 and 9568.
32
Calculate the highest common factor of 1173 and 202860.
69
Calculate the highest common divisor of 204 and 5532.
12
What is the greatest common factor of 76416 and 4378?
398
Calculate the greatest common factor of 4483808 and 336.
112
What is the highest common divisor of 799 and 44603?
47
What is the highest common factor of 21091 and 35?
7
Calculate the greatest common factor of 124103 and 70.
7
What is the highest common factor of 162 and 55170?
18
What is the greatest common divisor of 123319 and 8532?
79
Calculate the highest common factor of 58999 and 1640.
41
What is the greatest common factor of 448 and 296198?
14
Calculate the greatest common factor of 624 and 44976.
48
What is the greatest common factor of 1356134 and 338?
26
What is the highest common factor of 1132970 and 26700?
890
Calculate the highest common divisor of 23672 and 140687.
269
Calculate the highest common factor of 63284 and 28.
4
Calculate the greatest common divisor of 1975 and 675.
25
What is the greatest common divisor of 167 and 32899?
167
What is the highest common divisor of 15611 and 3029?
233
Calculate the highest common factor of 689 and 2189642.
689
Calculate the highest common factor of 270 and 4734.
18
Calculate the greatest common factor of 100561 and 8399.
227
What is the highest common divisor of 4843 and 62291?
167
What is the highest common divisor of 106271 and 22?
11
Calculate the highest common factor of 75734 and 494.
38
Calculate the greatest common divisor of 68 and 293896.
68
Calculate the highest common factor of 585781 and 1407.
469
What is the greatest common divisor of 843700 and 109032?
2596
Calculate the highest common divisor of 75 and 53175.
75
Calculate the greatest common factor of 12 and 1800984.
12
What is the greatest common divisor of 17264 and 848?
16
What is the greatest common factor of 12507 and 14388?
33
What is the highest common factor of 806232 and 21?
21
What is the greatest common divisor of 1152 and 2227968?
1152
Calculate the highest common factor of 296599 and 956.
239
What is the highest common divisor of 7030 and 590?
10
What is the highest common factor of 581 and 17801?
7
Calculate the highest common divisor of 12 and 225384.
12
What is the greatest common factor of 57136 and 304?
16
What is the highest common divisor of 1922270 and 42?
14
What is the greatest common factor of 964 and 3092?
4
What is the highest common divisor of 85230 and 4680?
90
Calculate the greatest common factor of 112 and 12336.
16
What is the highest common factor of 104 and 1688?
8
Calculate the highest common divisor of 18 and 243198.
18
What is the highest common divisor of 644 and 52348?
92
Calculate the greatest common factor of 39 and 160108.
13
What is the highest common factor of 345 and 157830?
15
What is the highest common factor of 341596 and 188?
188
Calculate the highest common factor of 84 and 697396.
28
Calculate the highest common divisor of 364 and 1913548.
364
What is the greatest common divisor of 9427 and 1903?
11
What is the greatest common factor of 603432 and 58464?
2088
What is the greatest common divisor of 27929 and 22?
11
Calculate the greatest common divisor of 135 and 14955.
15
Calculate the highest common factor of 5531019 and 78.
39
Calculate the highest common factor of 1096 and 9424.
8
What is the greatest common factor of 34872 and 2664?
24
What is the highest common factor of 1760 and 126500?
220
Calculate the highest common divisor of 4847 and 481.
37
Calculate the greatest common divisor of 75607 and 35.
7
Calculate the highest common divisor of 3162310 and 310.
310
Calculate the greatest common divisor of 99104 and 32600.
1304
Calculate the greatest common factor of 40656 and 9.
3
What is the highest common divisor of 38234 and 98?
14
What is the greatest common factor of 318513 and 208?
13
Calculate the highest common divisor of 72 and 195792.
24
What is the highest common divisor of 1314240 and 480?
480
Calculate the highest common divisor of 47950 and 350.
350
What is the highest common factor of 290 and 5870?
10
What is the greatest common factor of 7496 and 2?
2
What is the highest common divisor of 135 and 760?
5
What is the greatest common divisor of 136504 and 15368?
904
What is the highest common divisor of 2520 and 111636?
252
Calculate the greatest common factor of 930936 and 491.
491
What is the greatest common factor of 1811 and 1?
1
Calculate the greatest common divisor of 129 and 1300406.
43
What is the highest common factor of 560378 and 182?
182
What is the highest common divisor of 42 and 281764?
14
Calculate the highest common divisor of 9950 and 350.
50
What is the highest common divisor of 66 and 12458?
2
Calculate the highest common factor of 6820 and 2016860.
620
Calculate the highest common divisor of 957635 and 105.
35
Calculate the highest common divisor of 6 and 79908.
6
What is the highest common divisor of 54 and 783?
27
What is the highest common divisor of 382824 and 1131?
39
Calculate the highest common divisor of 12 and 3927108.
12
Calculate the greatest common divisor of 7006 and 15934.
62
Calculate the highest common divisor of 78 and 10868.
26
What is the highest common factor of 1224 and 1113024?
408
What is the greatest common divisor of 32 and 126736?
16
What is the greatest common divisor of 9125305 and 14?
7
What is the greatest common divisor of 700 and 20900?
100
Calculate the highest common factor of 71559 and 9.
9
What is the greatest common factor of 33 and 988999?
11
What is the greatest common factor of 607891 and 1376?
43
What is the highest common factor of 81367 and 39?
13
What is the highest common divisor of 54230 and 11?
11
Calculate the highest common factor of 51 and 43231.
17
Calculate the highest common divisor of 25466 and 340.
34
Calculate the highest common divisor of 34953 and 671.
61
Calculate the highest common divisor of 32 and 15536.
16
What is the greatest common divisor of 196 and 17486?
14
Calculate the greatest common divisor of 6 and 72132.
6
Calculate the greatest 